6. What is the remainder when 43 is divided by g?
20
Suppose o = 4 + 26. Let l = o - 6. Suppose 0*w - w - 4*g = -25, -2*g = -w + 1. What is the remainder when l is divided by w?
6
Let q(o) = -o + 9. Let m be q(-7). Let b be 2 - (-2 + 0 + 1). Suppose l - m = b*z, 5*l + 3*z - 130 = 8*z. Calculate the remainder when l is divided by 11.
9
Let f be -15 - -2 - (0 - -2). Let q = 19 + f. What is the remainder when 13 is divided by q?
1
Suppose -2*r - 6 = -2. What is the remainder when -17*(r + (3 - 2)) is divided by 9?
8
What is the remainder when 27 is divided by (-212)/(-12) - (-6)/(-9)?
10
Let l(f) = -f + 1. Let s(w) = -w**2 - 11*w - 2. Let d(z) = 6*l(z) - s(z). Calculate the remainder when (-2 + 9/3)*65 is divided by d(-7).
21
Let y = -187 + 434. Suppose 61 = -3*g + y. What is the remainder when g is divided by 16?
14
Suppose -4*q + q + 33 = 0. Let m(h) = -3*h**3 + 2*h**2 - 1. What is the remainder when q is divided by m(-1)?
3
Let r be (-1)/(-3)*-7*-3. Let f = 90 - 43. Suppose -2*k + f = r. Calculate the remainder when 59 is divided by k.
19
Suppose c = 17 - 1. Calculate the remainder when 77 is divided by c.
13
Suppose -2*n - 5 + 29 = 3*z, -4*n = z - 48. Suppose -6*o + 3*o = 9, -147 = -3*j + 4*o. What is the remainder when j is divided by n?
9
Suppose 0 = a + 2*a + 60. Calculate the remainder when 26 is divided by (-5)/a - 55/(-4).
12
Let c(l) = -10*l**3 + l**2 - 1. Let m be c(1). Let x = m + 18. What is the remainder when x is divided by 5?
3
Suppose f - 76 = -58. What is the remainder when f is divided by 12?
6
Suppose 0 = 32*p - 10*p - 1650. Calculate the remainder when p is divided by 19.
18
Let x(i) = -4*i - 2. Let j be x(-2). Let a = 12 - j. What is the remainder when 21 is divided by a?
3
Suppose -4*y - 5*j - 275 = -9*y, 2*j + 164 = 3*y. Calculate the remainder when y is divided by 19.
16
Suppose 168 = m + 3*m. What is the remainder when m is divided by 9?
6
Suppose 7*v + 51 = 4*v. Suppose 72 = -0*u + 2*u + 5*g, -3*g = u - 37. Let a = v + u. What is the remainder when 40 is divided by a?
12
Suppose 0 = 4*y - z + 4*z - 106, 5*z + 94 = 3*y. Calculate the remainder when y is divided by 15.
13
Let w(k) = -k**3 - 14*k**2 - 14*k. Suppose p - 91 = -4*m, -4*m + p = -36 - 65. Calculate the remainder when m is divided by w(-13).
11
Suppose 3*x = -4*a + 6*a + 57, 2*x + 32 = -2*a. Suppose -12 + 2 = -5*o. What is the remainder when 2/((-48)/a - o) is divided by 3?
1
Suppose 41 + 17 = 2*a. Calculate the remainder when a is divided by 10.
9
Let r be ((-3)/4)/((-1)/(-4)). Let m(a) = a**2 + 4*a + 2. Let s be m(r). Calculate the remainder when (s/(-2))/((-2)/(-92)) is divided by 8.
7
Let j be 4/3 + 4/6. Let p be -11 + j*-1 + 1. Calculate the remainder when 38 is divided by (-243)/p - (-1)/(-4).
18
Let t be 15/(-2) + (-2)/4. Let x = -1 - -29. What is the remainder when x is divided by t/(-52) - 193/(-13)?
13
Suppose -4*i - 5*v + 189 = 0, -5*i + 6*v + 225 = v. Calculate the remainder when 85 is divided by i.
39
Let y be ((-3)/6)/((-4)/48). Suppose 56 - y = 5*h. Let x(t) = -t**2 - 5*t + 6. Calculate the remainder when h is divided by x(-5).
4
Calculate the remainder when ((-3)/(-5))/(774/(-155) + 5) is divided by 24.
21
Suppose 0 = -2*t + 9 + 3. Suppose 4*a - 16 = -0*a. What is the remainder when t is divided by a?
2
Let r(j) = -5*j + 9. Calculate the remainder when r(-11) is divided by 33.
31
What is the remainder when 70/4*(11 + -9) is divided by 18?
17
Let a = -34 - -56. Let k = 42 - a. Suppose 3*p = 3*d + 48, 3*p - 4*d = k + 33. What is the remainder when 21 is divided by p?
10
Let s(t) = t + 11. Let c = 8 - 15. Let k be s(c). Let y = 2 + k. Calculate the remainder when 16 is divided by y.
4
Let m = 11 - -36. What is the remainder when m is divided by (0 - (-4)/(-3))*-12?
15
Calculate the remainder when 63 is divided by (-5)/25 + (-332)/(-10).
30
Let b(f) = 12*f**2 + 7*f + 43. Calculate the remainder when b(-4) is divided by 13.
12
Suppose -5*o + 125 = c + 50, -2*c - 2*o + 118 = 0. Calculate the remainder when 108 is divided by c.
53
Let b = -3 - -5. Suppose 0*w + 3*w = 18. Suppose -k = -w*k + 25. Calculate the remainder when k is divided by b.
1
Let z(a) = 2*a + 54. What is the remainder when z(-15) is divided by 16?
8
Suppose -2*o + 3*m = -511, -3*m - 1013 = -9*o + 5*o. What is the remainder when o is divided by 63?
62
Suppose -5*u + 47 = -53. Let d(h) = -2*h - 10. Let b be d(-7). Suppose 0 = b*f + 2*l - 24, -5*l + 0*l = 2*f - 4. Calculate the remainder when u is divided by f.
6
Suppose 3*n - 4*f + 6*f = 1, -2*n = f - 1. Calculate the remainder when n is divided by 1.
0
Suppose 0 = 5*d - 3*m - 52, 2*d - 22 = 5*m + 14. What is the remainder when 12 is divided by d?
4
Let l = -3 + 21. Calculate the remainder when 33 is divided by l.
15
Suppose -5*x - f + 30 = -0*f, x - 20 = -3*f. What is the remainder when 12 - ((-4)/2)/2 is divided by x?
3
What is the remainder when (-89)/(-2) - (-1)/(-2) is divided by 15?
14
Let r = 27 - 13. Let p = r - -19. Suppose 3*i - 34 = i. Calculate the remainder when p is divided by i.
16
Let r = -9 + 20. What is the remainder when 43 is divided by r?
10
Suppose -4*i + 2*q = -98, -2*i + 7*q + 61 = 2*q. Calculate the remainder when 89 is divided by i.
20
Suppose 1 + 11 = 4*x. Suppose 2*d = x*d - 22. Suppose i - 126 = -2*i. Calculate the remainder when i is divided by d.
20
Suppose 2*f = -2*f + 8. Suppose 3*p - 30 = -f*p. Let d = -73 - -83. What is the remainder when d is divided by p?
4
Suppose 4*t - 148 = -5*i, 3*i + 2*i + 62 = t. Calculate the remainder when t is divided by 15.
12
Let s(n) = -32*n**3 - n**2 - 2*n - 1. Let d = 5 - 6. What is the remainder when s(d) is divided by 11?
10
Let q(b) = 5*b - 16. Let c(p) = p**2 + 3*p - 3. Let a be c(-5). Calculate the remainder when q(a) is divided by 11.
8
Suppose 2*z = -4, -3*r + 4*z + 20 = r. Suppose 3*b - 4*u - 1 = -r, -u - 6 = -4*b. What is the remainder when b is divided by 1?
0
Let i = -6 - -10. Suppose 0 = 4*s - 2*s - 8. Suppose -5*f = -s*n - 23 + 78, i*f = -12. What is the remainder when n is divided by 4?
2
Let g be -6 + 3 - -4 - -2. Suppose 0 = g*z, -z - z + 4 = x. What is the remainder when x is divided by 2?
0
Let j(o) be the third derivative of -o**4/12 - 3*o**3/2 + 3*o**2. Let i be j(-7). Suppose i*h - 55 = -0*h. Calculate the remainder when 30 is divided by h.
8
Calculate the remainder when 46 is divided by ((-24)/(-7))/((-16)/(-56)).
10
Let q(l) = -l**3 + 9*l**2 - 8*l - 2. Let y be q(8). Calculate the remainder when 3 is divided by (2/y)/(7/(-14)).
1
Suppose -37 - 3 = 4*a. Suppose -4 = -o + 6. What is the remainder when o is divided by ((-6)/a)/((-5)/(-25))?
1
Let y(i) = -i**2 - 21*i - 17. Calculate the remainder when 61 is divided by y(-19).
19
Let q(o) = -14*o - 1. What is the remainder when q(-6) is divided by 29?
25
Let x(o) = -12*o - 5. What is the remainder when x(-2) is divided by 10?
9
Let t(v) = -v + 13. Calculate the remainder when t(0) is divided by 8.
5
Suppose -2 = 4*a + 2*q, 3*q + 23 = 4*a - 0*a. Suppose -4*m + 44 = 4*c, -23 = -2*m - m - c. Calculate the remainder when m is divided by a.
0
Let r = -34 - -52. Suppose -5*s - r = -f, 0 = 5*s - 5 - 20. What is the remainder when f is divided by ((-19)/(-2) + -2)*2?
13
Let x = -15 - -21. What is the remainder when 26/2 - (7 + -15 + 4) is divided by x?
5
Let t(n) = -14*n - 4. Let z(x) = 7*x + 2. Let c(k) = 2*t(k) + 5*z(k). Let q = 73 + -71. Calculate the remainder when 47 is divided by c(q).
15
Suppose 0 = 2*q + 19 - 31. What is the remainder when 27 is divided by q?
3
Suppose -15 = -8*a + 3*a. What is the remainder when ((-2)/4)/(1/(-6)) is divided by (-5)/15 + 10/a?
0
Let g = -1 - 0. Let u = g - -3. Calculate the remainder when 41 is divided by 2/(-4) + 29/u.
13
Let u(x) = x**3 + 12*x**2 + 9. Let c be u(-12). Suppose 4*g - 23 = c. What is the remainder when g is divided by 2?
0
Let p(t) = -2*t - 3. Let l be 21 + (-4)/(-2) - 2. What is the remainder when (2 - 0 - 1)*l is divided by p(-7)?
10
Suppose -21*q = -25*q + 60. Calculate the remainder when -4*(-2 - 21/4) is divided by q.
14
Suppose -7*y + 115 = -4. Calculate the remainder when 82 is divided by y.
14
Let v(k) = -k + 9. What is the remainder when 74 is divided by v(-6)?
14
Let w = -46 - -137. What is the remainder when w is divided by 23?
22
Let s 